{"id":3760,"date":"2020-02-03T09:03:12","date_gmt":"2020-02-03T09:03:12","guid":{"rendered":"https:\/\/all4labels.com\/imprint\/"},"modified":"2026-03-10T12:11:19","modified_gmt":"2026-03-10T12:11:19","slug":"impressum","status":"publish","type":"page","link":"https:\/\/all4labels.com\/de\/impressum\/","title":{"rendered":"Imprint"},"content":{"rendered":"<h1>Impressum<\/h1>\n<h4>Anbieter der Internetseite<\/h4>\n<h3>All4Labels Group GmbH<\/h3>\n<p>M\u00f6llner Landstra\u00dfe 15, 22969 Witzhave Deutschland<br \/>\nE-Mail: <a href=\"mailto:info@all4labels.com\">info@all4labels.com<\/a><\/p>\n<p>Vertreten durch die Gesch\u00e4ftsf\u00fchrer:<\/p>\n<ul>\n<li data-olk-copy-source=\"MessageBody\">Evelyn Hartinger<\/li>\n<li>Matej Baran<\/li>\n<li>Guido Iannone<\/li>\n<li>Enrico Valeri<\/li>\n<li>Magnus Milatz<\/li>\n<\/ul>\n<p>Registergericht und Registernummer: L\u00fcbeck HRB 289 AH, USt-IdNr. DE 135 110 146<\/p>\n<p>F\u00fcr journalistisch-redaktionelle Inhalte gem. \u00a7 18 Abs. 2 MStV ist Evelyn Hartinger verantwortlich.<br class=\"\" \/><br class=\"\" \/>Verantwortlicher im Sinne des \u00a7 18 Abs. 2 Medienstaatsvertrag: Dr. G\u00fcnther Weymans, M\u00f6llner Landstra\u00dfe 15, 22969 Witzhave, Deutschland<\/p>\n<h3>Urheberrecht<\/h3>\n<p>Die Inhalte, wie z. B. Texte und Fotos, auf dieser Internetseite sind urheberrechtlich gesch\u00fctzt. Vervielf\u00e4ltigung dieser Inhalte im Ganzen oder in Teilen ist ohne vorherige ausdr\u00fcckliche Genehmigung der All4Labels Group GmbH in jeglicher Form auf jedem Medium verboten.<\/p>\n<h3>Datenschutzerkl\u00e4rung f\u00fcr die Internetseite<\/h3>\n<p>Die Datenschutzerkl\u00e4rung der All4Labels Group GmbH finden Sie unter <a href=\"https:\/\/all4labels.com\/wp-content\/uploads\/2022\/09\/2022-All4Labels_Privacy-policy_Website_de.pdf\">Datenschutzerkl\u00e4rung<\/a><\/p>\n<h3>Externe Links<\/h3>\n<p>All4Labels Group GmbH ist nicht verantwortlich f\u00fcr die Inhalte externer Websites. F\u00fcr die Inhalte Dritter, die durch Hyperlinks aufgerufen werden, sind die jeweiligen Anbieter verantwortlich.<\/p>\n<h3>Au\u00dfergerichtliche Streitbeilegung in Verbrauchersachen<\/h3>\n<p>Nach geltendem Recht ist die All4Labels Group GmbH verpflichtet, Verbraucher auf die Existenz der Europ\u00e4ischen Online-Streitbeilegungs-Plattform hinzuweisen, die f\u00fcr die Beilegung von Streitigkeiten seitens der EU-Kommission eingerichtet wurde. Die Europ\u00e4ische Online-Streitbeilegungsplattform findet sich <a href=\"https:\/\/ec.europa.eu\/consumers\/odr\/\">hier<\/a>. Kontaktdaten der offiziellen Streitbeilegungsstellen sind unter dem nachfolgenden Link zu finden: <a href=\"https:\/\/webgate.ec.europa.eu\/odr\/main\/index.cfm\">https:\/\/webgate.ec.europa.eu\/odr\/main\/index.cfm<\/a>. Mangels gesetzlicher Verpflichtung zur Mitwirkung an Streitbeilegungsverfahren vor einer Verbraucherschlichtungsstelle, ist die All4Labels Group GmbH zur Teilnahme an einem solchen Streitbeilegungsverfahren nicht verpflichtet und nicht bereit. Die E-Mailadresse der All4Labels Group GmbH finden Sie oben<\/p>\n<h3>Social Media Profile<\/h3>\n<p>Dieses Impressum gilt auch f\u00fcr die folgenden von der All4Labels Group GmbH betriebenen Social Media Profile:<\/p>\n<h3>Linkedin:<\/h3>\n<p><a href=\"https:\/\/www.linkedin.com\/company\/all4labelsgroup\/\">https:\/\/www.linkedin.com\/company\/all4labelsgroup\/<\/a><\/p>\n<h3>Xing:<\/h3>\n<p><a href=\"https:\/\/www.xing.com\/pages\/all4labels-globalpackaginggroup\">https:\/\/www.xing.com\/pages\/all4labels-globalpackaginggroup<\/a><\/p>\n","protected":false},"excerpt":{"rendered":"<p>Impressum Anbieter der Internetseite All4Labels Group GmbH M\u00f6llner Landstra\u00dfe 15, 22969 Witzhave Deutschland E-Mail: info@all4labels.com Vertreten durch die Gesch\u00e4ftsf\u00fchrer: Evelyn Hartinger Matej Baran Guido Iannone Enrico Valeri Magnus Milatz Registergericht [&hellip;]<\/p>\n","protected":false},"author":1,"featured_media":0,"parent":0,"menu_order":0,"comment_status":"closed","ping_status":"closed","template":"","meta":{"_acf_changed":false,"footnotes":""},"class_list":["post-3760","page","type-page","status-publish","hentry"],"acf":[],"yoast_head":"<!-- This site is optimized with the Yoast SEO plugin v24.2 - https:\/\/yoast.com\/wordpress\/plugins\/seo\/ -->\n<title>Imprint - All4Labels Global Packaging Group \u2013 Connecting brands and consumers<\/title>\n<meta name=\"robots\" content=\"index, follow, max-snippet:-1, max-image-preview:large, max-video-preview:-1\" \/>\n<link rel=\"canonical\" href=\"https:\/\/all4labels.com\/de\/impressum\/\" \/>\n<meta property=\"og:locale\" content=\"de_DE\" \/>\n<meta property=\"og:type\" content=\"article\" \/>\n<meta property=\"og:title\" content=\"Imprint - All4Labels Global Packaging Group \u2013 Connecting brands and consumers\" \/>\n<meta property=\"og:description\" content=\"Impressum Anbieter der Internetseite All4Labels Group GmbH M\u00f6llner Landstra\u00dfe 15, 22969 Witzhave Deutschland E-Mail: info@all4labels.com Vertreten durch die Gesch\u00e4ftsf\u00fchrer: Evelyn Hartinger Matej Baran Guido Iannone Enrico Valeri Magnus Milatz Registergericht [&hellip;]\" \/>\n<meta property=\"og:url\" content=\"https:\/\/all4labels.com\/de\/impressum\/\" \/>\n<meta property=\"og:site_name\" content=\"All4Labels Global Packaging Group \u2013 Connecting brands and consumers\" \/>\n<meta property=\"article:modified_time\" content=\"2026-03-10T12:11:19+00:00\" \/>\n<meta name=\"twitter:card\" content=\"summary_large_image\" \/>\n<meta name=\"twitter:label1\" content=\"Gesch\u00e4tzte Lesezeit\" \/>\n\t<meta name=\"twitter:data1\" content=\"2 Minuten\" \/>\n<script type=\"application\/ld+json\" class=\"yoast-schema-graph\">{\"@context\":\"https:\/\/schema.org\",\"@graph\":[{\"@type\":\"WebPage\",\"@id\":\"https:\/\/all4labels.com\/de\/impressum\/\",\"url\":\"https:\/\/all4labels.com\/de\/impressum\/\",\"name\":\"Imprint - All4Labels Global Packaging Group \u2013 Connecting brands and consumers\",\"isPartOf\":{\"@id\":\"https:\/\/all4labels.com\/#website\"},\"datePublished\":\"2020-02-03T09:03:12+00:00\",\"dateModified\":\"2026-03-10T12:11:19+00:00\",\"breadcrumb\":{\"@id\":\"https:\/\/all4labels.com\/de\/impressum\/#breadcrumb\"},\"inLanguage\":\"de\",\"potentialAction\":[{\"@type\":\"ReadAction\",\"target\":[\"https:\/\/all4labels.com\/de\/impressum\/\"]}]},{\"@type\":\"BreadcrumbList\",\"@id\":\"https:\/\/all4labels.com\/de\/impressum\/#breadcrumb\",\"itemListElement\":[{\"@type\":\"ListItem\",\"position\":1,\"name\":\"Home\",\"item\":\"https:\/\/all4labels.com\/de\/\"},{\"@type\":\"ListItem\",\"position\":2,\"name\":\"Imprint\"}]},{\"@type\":\"WebSite\",\"@id\":\"https:\/\/all4labels.com\/#website\",\"url\":\"https:\/\/all4labels.com\/\",\"name\":\"All4Labels Global Packaging Group \u2013 Connecting brands and consumers\",\"description\":\"\",\"publisher\":{\"@id\":\"https:\/\/all4labels.com\/#organization\"},\"potentialAction\":[{\"@type\":\"SearchAction\",\"target\":{\"@type\":\"EntryPoint\",\"urlTemplate\":\"https:\/\/all4labels.com\/?s={search_term_string}\"},\"query-input\":{\"@type\":\"PropertyValueSpecification\",\"valueRequired\":true,\"valueName\":\"search_term_string\"}}],\"inLanguage\":\"de\"},{\"@type\":\"Organization\",\"@id\":\"https:\/\/all4labels.com\/#organization\",\"name\":\"All4Labels Global Packaging Group \u2013 Connecting brands and consumers\",\"url\":\"https:\/\/all4labels.com\/\",\"logo\":{\"@type\":\"ImageObject\",\"inLanguage\":\"de\",\"@id\":\"https:\/\/all4labels.com\/#\/schema\/logo\/image\/\",\"url\":\"https:\/\/all4labels.com\/wp-content\/uploads\/2020\/02\/all4labels-white.svg\",\"contentUrl\":\"https:\/\/all4labels.com\/wp-content\/uploads\/2020\/02\/all4labels-white.svg\",\"caption\":\"All4Labels Global Packaging Group \u2013 Connecting brands and consumers\"},\"image\":{\"@id\":\"https:\/\/all4labels.com\/#\/schema\/logo\/image\/\"}}]}<\/script>\n<!-- \/ Yoast SEO plugin. -->","yoast_head_json":{"title":"Imprint - All4Labels Global Packaging Group \u2013 Connecting brands and consumers","robots":{"index":"index","follow":"follow","max-snippet":"max-snippet:-1","max-image-preview":"max-image-preview:large","max-video-preview":"max-video-preview:-1"},"canonical":"https:\/\/all4labels.com\/de\/impressum\/","og_locale":"de_DE","og_type":"article","og_title":"Imprint - All4Labels Global Packaging Group \u2013 Connecting brands and consumers","og_description":"Impressum Anbieter der Internetseite All4Labels Group GmbH M\u00f6llner Landstra\u00dfe 15, 22969 Witzhave Deutschland E-Mail: info@all4labels.com Vertreten durch die Gesch\u00e4ftsf\u00fchrer: Evelyn Hartinger Matej Baran Guido Iannone Enrico Valeri Magnus Milatz Registergericht [&hellip;]","og_url":"https:\/\/all4labels.com\/de\/impressum\/","og_site_name":"All4Labels Global Packaging Group \u2013 Connecting brands and consumers","article_modified_time":"2026-03-10T12:11:19+00:00","twitter_card":"summary_large_image","twitter_misc":{"Gesch\u00e4tzte Lesezeit":"2 Minuten"},"schema":{"@context":"https:\/\/schema.org","@graph":[{"@type":"WebPage","@id":"https:\/\/all4labels.com\/de\/impressum\/","url":"https:\/\/all4labels.com\/de\/impressum\/","name":"Imprint - All4Labels Global Packaging Group \u2013 Connecting brands and consumers","isPartOf":{"@id":"https:\/\/all4labels.com\/#website"},"datePublished":"2020-02-03T09:03:12+00:00","dateModified":"2026-03-10T12:11:19+00:00","breadcrumb":{"@id":"https:\/\/all4labels.com\/de\/impressum\/#breadcrumb"},"inLanguage":"de","potentialAction":[{"@type":"ReadAction","target":["https:\/\/all4labels.com\/de\/impressum\/"]}]},{"@type":"BreadcrumbList","@id":"https:\/\/all4labels.com\/de\/impressum\/#breadcrumb","itemListElement":[{"@type":"ListItem","position":1,"name":"Home","item":"https:\/\/all4labels.com\/de\/"},{"@type":"ListItem","position":2,"name":"Imprint"}]},{"@type":"WebSite","@id":"https:\/\/all4labels.com\/#website","url":"https:\/\/all4labels.com\/","name":"All4Labels Global Packaging Group \u2013 Connecting brands and consumers","description":"","publisher":{"@id":"https:\/\/all4labels.com\/#organization"},"potentialAction":[{"@type":"SearchAction","target":{"@type":"EntryPoint","urlTemplate":"https:\/\/all4labels.com\/?s={search_term_string}"},"query-input":{"@type":"PropertyValueSpecification","valueRequired":true,"valueName":"search_term_string"}}],"inLanguage":"de"},{"@type":"Organization","@id":"https:\/\/all4labels.com\/#organization","name":"All4Labels Global Packaging Group \u2013 Connecting brands and consumers","url":"https:\/\/all4labels.com\/","logo":{"@type":"ImageObject","inLanguage":"de","@id":"https:\/\/all4labels.com\/#\/schema\/logo\/image\/","url":"https:\/\/all4labels.com\/wp-content\/uploads\/2020\/02\/all4labels-white.svg","contentUrl":"https:\/\/all4labels.com\/wp-content\/uploads\/2020\/02\/all4labels-white.svg","caption":"All4Labels Global Packaging Group \u2013 Connecting brands and consumers"},"image":{"@id":"https:\/\/all4labels.com\/#\/schema\/logo\/image\/"}}]}},"_links":{"self":[{"href":"https:\/\/all4labels.com\/de\/wp-json\/wp\/v2\/pages\/3760","targetHints":{"allow":["GET"]}}],"collection":[{"href":"https:\/\/all4labels.com\/de\/wp-json\/wp\/v2\/pages"}],"about":[{"href":"https:\/\/all4labels.com\/de\/wp-json\/wp\/v2\/types\/page"}],"author":[{"embeddable":true,"href":"https:\/\/all4labels.com\/de\/wp-json\/wp\/v2\/users\/1"}],"replies":[{"embeddable":true,"href":"https:\/\/all4labels.com\/de\/wp-json\/wp\/v2\/comments?post=3760"}],"version-history":[{"count":13,"href":"https:\/\/all4labels.com\/de\/wp-json\/wp\/v2\/pages\/3760\/revisions"}],"predecessor-version":[{"id":45718,"href":"https:\/\/all4labels.com\/de\/wp-json\/wp\/v2\/pages\/3760\/revisions\/45718"}],"wp:attachment":[{"href":"https:\/\/all4labels.com\/de\/wp-json\/wp\/v2\/media?parent=3760"}],"curies":[{"name":"wp","href":"https:\/\/api.w.org\/{rel}","templated":true}]}}

<h1>Impressum</h1>
<h4>Anbieter der Internetseite</h4>
<h3>All4Labels Group GmbH</h3>
<p>Möllner Landstraße 15, 22969 Witzhave Deutschland<br />
E-Mail: <a href="mailto:info@all4labels.com">info@all4labels.com</a></p>
<p>Vertreten durch die Geschäftsführer:</p>
<ul>
<li data-olk-copy-source="MessageBody">Evelyn Hartinger</li>
<li>Matej Baran</li>
<li>Guido Iannone</li>
<li>Enrico Valeri</li>
<li>Magnus Milatz</li>
</ul>
<p>Registergericht und Registernummer: Lübeck HRB 289 AH, USt-IdNr. DE 135 110 146</p>
<p>Für journalistisch-redaktionelle Inhalte gem. § 18 Abs. 2 MStV ist Evelyn Hartinger verantwortlich.<br class="" /><br class="" />Verantwortlicher im Sinne des § 18 Abs. 2 Medienstaatsvertrag: Dr. Günther Weymans, Möllner Landstraße 15, 22969 Witzhave, Deutschland</p>
<h3>Urheberrecht</h3>
<p>Die Inhalte, wie z. B. Texte und Fotos, auf dieser Internetseite sind urheberrechtlich geschützt. Vervielfältigung dieser Inhalte im Ganzen oder in Teilen ist ohne vorherige ausdrückliche Genehmigung der All4Labels Group GmbH in jeglicher Form auf jedem Medium verboten.</p>
<h3>Datenschutzerklärung für die Internetseite</h3>
<p>Die Datenschutzerklärung der All4Labels Group GmbH finden Sie unter <a href="https://all4labels.com/wp-content/uploads/2022/09/2022-All4Labels_Privacy-policy_Website_de.pdf">Datenschutzerklärung</a></p>
<h3>Externe Links</h3>
<p>All4Labels Group GmbH ist nicht verantwortlich für die Inhalte externer Websites. Für die Inhalte Dritter, die durch Hyperlinks aufgerufen werden, sind die jeweiligen Anbieter verantwortlich.</p>
<h3>Außergerichtliche Streitbeilegung in Verbrauchersachen</h3>
<p>Nach geltendem Recht ist die All4Labels Group GmbH verpflichtet, Verbraucher auf die Existenz der Europäischen Online-Streitbeilegungs-Plattform hinzuweisen, die für die Beilegung von Streitigkeiten seitens der EU-Kommission eingerichtet wurde. Die Europäische Online-Streitbeilegungsplattform findet sich <a href="https://ec.europa.eu/consumers/odr/">hier</a>. Kontaktdaten der offiziellen Streitbeilegungsstellen sind unter dem nachfolgenden Link zu finden: <a href="https://webgate.ec.europa.eu/odr/main/index.cfm">https://webgate.ec.europa.eu/odr/main/index.cfm</a>. Mangels gesetzlicher Verpflichtung zur Mitwirkung an Streitbeilegungsverfahren vor einer Verbraucherschlichtungsstelle, ist die All4Labels Group GmbH zur Teilnahme an einem solchen Streitbeilegungsverfahren nicht verpflichtet und nicht bereit. Die E-Mailadresse der All4Labels Group GmbH finden Sie oben</p>
<h3>Social Media Profile</h3>
<p>Dieses Impressum gilt auch für die folgenden von der All4Labels Group GmbH betriebenen Social Media Profile:</p>
<h3>Linkedin:</h3>
<p><a href="https://www.linkedin.com/company/all4labelsgroup/">https://www.linkedin.com/company/all4labelsgroup/</a></p>
<h3>Xing:</h3>
<p><a href="https://www.xing.com/pages/all4labels-globalpackaginggroup">https://www.xing.com/pages/all4labels-globalpackaginggroup</a></p>

<p>Impressum Anbieter der Internetseite All4Labels Group GmbH Möllner Landstraße 15, 22969 Witzhave Deutschland E-Mail: info@all4labels.com Vertreten durch die Geschäftsführer: Evelyn Hartinger Matej Baran Guido Iannone Enrico Valeri Magnus Milatz Registergericht [&hellip;]</p>

<!-- This site is optimized with the Yoast SEO plugin v24.2 - https://yoast.com/wordpress/plugins/seo/ -->
<title>Imprint - All4Labels Global Packaging Group – Connecting brands and consumers</title>
<meta name="robots" content="index, follow, max-snippet:-1, max-image-preview:large, max-video-preview:-1" />
<link rel="canonical" href="https://all4labels.com/de/impressum/" />
<meta property="og:locale" content="de_DE" />
<meta property="og:type" content="article" />
<meta property="og:title" content="Imprint - All4Labels Global Packaging Group – Connecting brands and consumers" />
<meta property="og:description" content="Impressum Anbieter der Internetseite All4Labels Group GmbH Möllner Landstraße 15, 22969 Witzhave Deutschland E-Mail: info@all4labels.com Vertreten durch die Geschäftsführer: Evelyn Hartinger Matej Baran Guido Iannone Enrico Valeri Magnus Milatz Registergericht [&hellip;]" />
<meta property="og:url" content="https://all4labels.com/de/impressum/" />
<meta property="og:site_name" content="All4Labels Global Packaging Group – Connecting brands and consumers" />
<meta property="article:modified_time" content="2026-03-10T12:11:19+00:00" />
<meta name="twitter:card" content="summary_large_image" />
<meta name="twitter:label1" content="Geschätzte Lesezeit" />
	<meta name="twitter:data1" content="2 Minuten" />
<script type="application/ld+json" class="yoast-schema-graph">{"@context":"https://schema.org","@graph":[{"@type":"WebPage","@id":"https://all4labels.com/de/impressum/","url":"https://all4labels.com/de/impressum/","name":"Imprint - All4Labels Global Packaging Group – Connecting brands and consumers","isPartOf":{"@id":"https://all4labels.com/#website"},"datePublished":"2020-02-03T09:03:12+00:00","dateModified":"2026-03-10T12:11:19+00:00","breadcrumb":{"@id":"https://all4labels.com/de/impressum/#breadcrumb"},"inLanguage":"de","potentialAction":[{"@type":"ReadAction","target":["https://all4labels.com/de/impressum/"]}]},{"@type":"BreadcrumbList","@id":"https://all4labels.com/de/impressum/#breadcrumb","itemListElement":[{"@type":"ListItem","position":1,"name":"Home","item":"https://all4labels.com/de/"},{"@type":"ListItem","position":2,"name":"Imprint"}]},{"@type":"WebSite","@id":"https://all4labels.com/#website","url":"https://all4labels.com/","name":"All4Labels Global Packaging Group – Connecting brands and consumers","description":"","publisher":{"@id":"https://all4labels.com/#organization"},"potentialAction":[{"@type":"SearchAction","target":{"@type":"EntryPoint","urlTemplate":"https://all4labels.com/?s={search_term_string}"},"query-input":{"@type":"PropertyValueSpecification","valueRequired":true,"valueName":"search_term_string"}}],"inLanguage":"de"},{"@type":"Organization","@id":"https://all4labels.com/#organization","name":"All4Labels Global Packaging Group – Connecting brands and consumers","url":"https://all4labels.com/","logo":{"@type":"ImageObject","inLanguage":"de","@id":"https://all4labels.com/#/schema/logo/image/","url":"https://all4labels.com/wp-content/uploads/2020/02/all4labels-white.svg","contentUrl":"https://all4labels.com/wp-content/uploads/2020/02/all4labels-white.svg","caption":"All4Labels Global Packaging Group – Connecting brands and consumers"},"image":{"@id":"https://all4labels.com/#/schema/logo/image/"}}]}</script>
<!-- / Yoast SEO plugin. -->

Impressum Anbieter der Internetseite All4Labels Group GmbH Möllner Landstraße 15, 22969 Witzhave Deutschland E-Mail: info@all4labels.com Vertreten durch die Geschäftsführer: Evelyn Hartinger Matej Baran Guido Iannone Enrico Valeri Magnus Milatz Registergericht [&hellip;]
