{"id":20861,"date":"2021-04-29T13:16:28","date_gmt":"2021-04-29T13:16:28","guid":{"rendered":"https:\/\/all4labels.com\/brands\/"},"modified":"2026-04-10T08:13:37","modified_gmt":"2026-04-10T08:13:37","slug":"varemaerker","status":"publish","type":"page","link":"https:\/\/all4labels.com\/da\/varemaerker\/","title":{"rendered":"Varem\u00e6rker"},"content":{"rendered":"<h1 style=\"color: black;\">Varem\u00e6rker<\/h1>\n<p><span lang=\"da-DK\" style=\"color: black;\"><strong style=\"color: black;\">Vores m\u00e6rker udvider All4Labels\u2019 tilbud af l\u00f8sninger ved at g\u00e5 nye veje for aktivt at forme fremtiden inden for emballage \u2013 med fokus p\u00e5 b\u00e6redygtighed og digitalisering.<\/strong> <\/span><\/p>\n<p><span lang=\"da-DK\" style=\"color: black;\">Kommende fra \u00e9n stor familie af virksomheder, har vores m\u00e6rker den samme ambition om at levere emballager til b\u00e5de lokale og globale kunder.<\/span><\/p>\n<p>&nbsp;<\/p>\n","protected":false},"excerpt":{"rendered":"<p>Varem\u00e6rker Vores m\u00e6rker udvider All4Labels\u2019 tilbud af l\u00f8sninger ved at g\u00e5 nye veje for aktivt at forme fremtiden inden for emballage \u2013 med fokus p\u00e5 b\u00e6redygtighed og digitalisering. Kommende fra [&hellip;]<\/p>\n","protected":false},"author":10,"featured_media":25334,"parent":0,"menu_order":0,"comment_status":"closed","ping_status":"closed","template":"page-solutions.php","meta":{"_acf_changed":false,"footnotes":""},"class_list":["post-20861","page","type-page","status-publish","has-post-thumbnail","hentry"],"acf":[],"yoast_head":"<!-- This site is optimized with the Yoast SEO plugin v24.2 - https:\/\/yoast.com\/wordpress\/plugins\/seo\/ -->\n<title>Varem\u00e6rker - All4Labels Global Packaging Group \u2013 Connecting brands and consumers<\/title>\n<meta name=\"robots\" content=\"index, follow, max-snippet:-1, max-image-preview:large, max-video-preview:-1\" \/>\n<link rel=\"canonical\" href=\"https:\/\/all4labels.com\/da\/varemaerker\/\" \/>\n<meta property=\"og:locale\" content=\"da_DK\" \/>\n<meta property=\"og:type\" content=\"article\" \/>\n<meta property=\"og:title\" content=\"Varem\u00e6rker - All4Labels Global Packaging Group \u2013 Connecting brands and consumers\" \/>\n<meta property=\"og:description\" content=\"Varem\u00e6rker Vores m\u00e6rker udvider All4Labels\u2019 tilbud af l\u00f8sninger ved at g\u00e5 nye veje for aktivt at forme fremtiden inden for emballage \u2013 med fokus p\u00e5 b\u00e6redygtighed og digitalisering. Kommende fra [&hellip;]\" \/>\n<meta property=\"og:url\" content=\"https:\/\/all4labels.com\/da\/varemaerker\/\" \/>\n<meta property=\"og:site_name\" content=\"All4Labels Global Packaging Group \u2013 Connecting brands and consumers\" \/>\n<meta property=\"article:modified_time\" content=\"2026-04-10T08:13:37+00:00\" \/>\n<meta property=\"og:image\" content=\"https:\/\/all4labels.com\/wp-content\/uploads\/2021\/05\/iStock-1213710695.jpg\" \/>\n\t<meta property=\"og:image:width\" content=\"1920\" \/>\n\t<meta property=\"og:image:height\" content=\"1361\" \/>\n\t<meta property=\"og:image:type\" content=\"image\/jpeg\" \/>\n<meta name=\"twitter:card\" content=\"summary_large_image\" \/>\n<meta name=\"twitter:label1\" content=\"Estimeret l\u00e6setid\" \/>\n\t<meta name=\"twitter:data1\" content=\"1 minut\" \/>\n<script type=\"application\/ld+json\" class=\"yoast-schema-graph\">{\"@context\":\"https:\/\/schema.org\",\"@graph\":[{\"@type\":\"WebPage\",\"@id\":\"https:\/\/all4labels.com\/da\/varemaerker\/\",\"url\":\"https:\/\/all4labels.com\/da\/varemaerker\/\",\"name\":\"Varem\u00e6rker - All4Labels Global Packaging Group \u2013 Connecting brands and consumers\",\"isPartOf\":{\"@id\":\"https:\/\/all4labels.com\/#website\"},\"primaryImageOfPage\":{\"@id\":\"https:\/\/all4labels.com\/da\/varemaerker\/#primaryimage\"},\"image\":{\"@id\":\"https:\/\/all4labels.com\/da\/varemaerker\/#primaryimage\"},\"thumbnailUrl\":\"https:\/\/all4labels.com\/wp-content\/uploads\/2021\/05\/iStock-1213710695.jpg\",\"datePublished\":\"2021-04-29T13:16:28+00:00\",\"dateModified\":\"2026-04-10T08:13:37+00:00\",\"breadcrumb\":{\"@id\":\"https:\/\/all4labels.com\/da\/varemaerker\/#breadcrumb\"},\"inLanguage\":\"da-DK\",\"potentialAction\":[{\"@type\":\"ReadAction\",\"target\":[\"https:\/\/all4labels.com\/da\/varemaerker\/\"]}]},{\"@type\":\"ImageObject\",\"inLanguage\":\"da-DK\",\"@id\":\"https:\/\/all4labels.com\/da\/varemaerker\/#primaryimage\",\"url\":\"https:\/\/all4labels.com\/wp-content\/uploads\/2021\/05\/iStock-1213710695.jpg\",\"contentUrl\":\"https:\/\/all4labels.com\/wp-content\/uploads\/2021\/05\/iStock-1213710695.jpg\",\"width\":1920,\"height\":1361},{\"@type\":\"BreadcrumbList\",\"@id\":\"https:\/\/all4labels.com\/da\/varemaerker\/#breadcrumb\",\"itemListElement\":[{\"@type\":\"ListItem\",\"position\":1,\"name\":\"Home\",\"item\":\"https:\/\/all4labels.com\/da\/\"},{\"@type\":\"ListItem\",\"position\":2,\"name\":\"Varem\u00e6rker\"}]},{\"@type\":\"WebSite\",\"@id\":\"https:\/\/all4labels.com\/#website\",\"url\":\"https:\/\/all4labels.com\/\",\"name\":\"All4Labels Global Packaging Group \u2013 Connecting brands and consumers\",\"description\":\"\",\"publisher\":{\"@id\":\"https:\/\/all4labels.com\/#organization\"},\"potentialAction\":[{\"@type\":\"SearchAction\",\"target\":{\"@type\":\"EntryPoint\",\"urlTemplate\":\"https:\/\/all4labels.com\/?s={search_term_string}\"},\"query-input\":{\"@type\":\"PropertyValueSpecification\",\"valueRequired\":true,\"valueName\":\"search_term_string\"}}],\"inLanguage\":\"da-DK\"},{\"@type\":\"Organization\",\"@id\":\"https:\/\/all4labels.com\/#organization\",\"name\":\"All4Labels Global Packaging Group \u2013 Connecting brands and consumers\",\"url\":\"https:\/\/all4labels.com\/\",\"logo\":{\"@type\":\"ImageObject\",\"inLanguage\":\"da-DK\",\"@id\":\"https:\/\/all4labels.com\/#\/schema\/logo\/image\/\",\"url\":\"https:\/\/all4labels.com\/wp-content\/uploads\/2020\/02\/all4labels-white.svg\",\"contentUrl\":\"https:\/\/all4labels.com\/wp-content\/uploads\/2020\/02\/all4labels-white.svg\",\"caption\":\"All4Labels Global Packaging Group \u2013 Connecting brands and consumers\"},\"image\":{\"@id\":\"https:\/\/all4labels.com\/#\/schema\/logo\/image\/\"}}]}<\/script>\n<!-- \/ Yoast SEO plugin. -->","yoast_head_json":{"title":"Varem\u00e6rker - All4Labels Global Packaging Group \u2013 Connecting brands and consumers","robots":{"index":"index","follow":"follow","max-snippet":"max-snippet:-1","max-image-preview":"max-image-preview:large","max-video-preview":"max-video-preview:-1"},"canonical":"https:\/\/all4labels.com\/da\/varemaerker\/","og_locale":"da_DK","og_type":"article","og_title":"Varem\u00e6rker - All4Labels Global Packaging Group \u2013 Connecting brands and consumers","og_description":"Varem\u00e6rker Vores m\u00e6rker udvider All4Labels\u2019 tilbud af l\u00f8sninger ved at g\u00e5 nye veje for aktivt at forme fremtiden inden for emballage \u2013 med fokus p\u00e5 b\u00e6redygtighed og digitalisering. Kommende fra [&hellip;]","og_url":"https:\/\/all4labels.com\/da\/varemaerker\/","og_site_name":"All4Labels Global Packaging Group \u2013 Connecting brands and consumers","article_modified_time":"2026-04-10T08:13:37+00:00","og_image":[{"width":1920,"height":1361,"url":"https:\/\/all4labels.com\/wp-content\/uploads\/2021\/05\/iStock-1213710695.jpg","type":"image\/jpeg"}],"twitter_card":"summary_large_image","twitter_misc":{"Estimeret l\u00e6setid":"1 minut"},"schema":{"@context":"https:\/\/schema.org","@graph":[{"@type":"WebPage","@id":"https:\/\/all4labels.com\/da\/varemaerker\/","url":"https:\/\/all4labels.com\/da\/varemaerker\/","name":"Varem\u00e6rker - All4Labels Global Packaging Group \u2013 Connecting brands and consumers","isPartOf":{"@id":"https:\/\/all4labels.com\/#website"},"primaryImageOfPage":{"@id":"https:\/\/all4labels.com\/da\/varemaerker\/#primaryimage"},"image":{"@id":"https:\/\/all4labels.com\/da\/varemaerker\/#primaryimage"},"thumbnailUrl":"https:\/\/all4labels.com\/wp-content\/uploads\/2021\/05\/iStock-1213710695.jpg","datePublished":"2021-04-29T13:16:28+00:00","dateModified":"2026-04-10T08:13:37+00:00","breadcrumb":{"@id":"https:\/\/all4labels.com\/da\/varemaerker\/#breadcrumb"},"inLanguage":"da-DK","potentialAction":[{"@type":"ReadAction","target":["https:\/\/all4labels.com\/da\/varemaerker\/"]}]},{"@type":"ImageObject","inLanguage":"da-DK","@id":"https:\/\/all4labels.com\/da\/varemaerker\/#primaryimage","url":"https:\/\/all4labels.com\/wp-content\/uploads\/2021\/05\/iStock-1213710695.jpg","contentUrl":"https:\/\/all4labels.com\/wp-content\/uploads\/2021\/05\/iStock-1213710695.jpg","width":1920,"height":1361},{"@type":"BreadcrumbList","@id":"https:\/\/all4labels.com\/da\/varemaerker\/#breadcrumb","itemListElement":[{"@type":"ListItem","position":1,"name":"Home","item":"https:\/\/all4labels.com\/da\/"},{"@type":"ListItem","position":2,"name":"Varem\u00e6rker"}]},{"@type":"WebSite","@id":"https:\/\/all4labels.com\/#website","url":"https:\/\/all4labels.com\/","name":"All4Labels Global Packaging Group \u2013 Connecting brands and consumers","description":"","publisher":{"@id":"https:\/\/all4labels.com\/#organization"},"potentialAction":[{"@type":"SearchAction","target":{"@type":"EntryPoint","urlTemplate":"https:\/\/all4labels.com\/?s={search_term_string}"},"query-input":{"@type":"PropertyValueSpecification","valueRequired":true,"valueName":"search_term_string"}}],"inLanguage":"da-DK"},{"@type":"Organization","@id":"https:\/\/all4labels.com\/#organization","name":"All4Labels Global Packaging Group \u2013 Connecting brands and consumers","url":"https:\/\/all4labels.com\/","logo":{"@type":"ImageObject","inLanguage":"da-DK","@id":"https:\/\/all4labels.com\/#\/schema\/logo\/image\/","url":"https:\/\/all4labels.com\/wp-content\/uploads\/2020\/02\/all4labels-white.svg","contentUrl":"https:\/\/all4labels.com\/wp-content\/uploads\/2020\/02\/all4labels-white.svg","caption":"All4Labels Global Packaging Group \u2013 Connecting brands and consumers"},"image":{"@id":"https:\/\/all4labels.com\/#\/schema\/logo\/image\/"}}]}},"_links":{"self":[{"href":"https:\/\/all4labels.com\/da\/wp-json\/wp\/v2\/pages\/20861","targetHints":{"allow":["GET"]}}],"collection":[{"href":"https:\/\/all4labels.com\/da\/wp-json\/wp\/v2\/pages"}],"about":[{"href":"https:\/\/all4labels.com\/da\/wp-json\/wp\/v2\/types\/page"}],"author":[{"embeddable":true,"href":"https:\/\/all4labels.com\/da\/wp-json\/wp\/v2\/users\/10"}],"replies":[{"embeddable":true,"href":"https:\/\/all4labels.com\/da\/wp-json\/wp\/v2\/comments?post=20861"}],"version-history":[{"count":7,"href":"https:\/\/all4labels.com\/da\/wp-json\/wp\/v2\/pages\/20861\/revisions"}],"predecessor-version":[{"id":46383,"href":"https:\/\/all4labels.com\/da\/wp-json\/wp\/v2\/pages\/20861\/revisions\/46383"}],"wp:featuredmedia":[{"embeddable":true,"href":"https:\/\/all4labels.com\/da\/wp-json\/wp\/v2\/media\/25334"}],"wp:attachment":[{"href":"https:\/\/all4labels.com\/da\/wp-json\/wp\/v2\/media?parent=20861"}],"curies":[{"name":"wp","href":"https:\/\/api.w.org\/{rel}","templated":true}]}}

Varemærker

<h1 style="color: black;">Varemærker</h1>
<p><span lang="da-DK" style="color: black;"><strong style="color: black;">Vores mærker udvider All4Labels’ tilbud af løsninger ved at gå nye veje for aktivt at forme fremtiden inden for emballage – med fokus på bæredygtighed og digitalisering.</strong> </span></p>
<p><span lang="da-DK" style="color: black;">Kommende fra én stor familie af virksomheder, har vores mærker den samme ambition om at levere emballager til både lokale og globale kunder.</span></p>
<p>&nbsp;</p>

<p>Varemærker Vores mærker udvider All4Labels’ tilbud af løsninger ved at gå nye veje for aktivt at forme fremtiden inden for emballage – med fokus på bæredygtighed og digitalisering. Kommende fra [&hellip;]</p>

<!-- This site is optimized with the Yoast SEO plugin v24.2 - https://yoast.com/wordpress/plugins/seo/ -->
<title>Varemærker - All4Labels Global Packaging Group – Connecting brands and consumers</title>
<meta name="robots" content="index, follow, max-snippet:-1, max-image-preview:large, max-video-preview:-1" />
<link rel="canonical" href="https://all4labels.com/da/varemaerker/" />
<meta property="og:locale" content="da_DK" />
<meta property="og:type" content="article" />
<meta property="og:title" content="Varemærker - All4Labels Global Packaging Group – Connecting brands and consumers" />
<meta property="og:description" content="Varemærker Vores mærker udvider All4Labels’ tilbud af løsninger ved at gå nye veje for aktivt at forme fremtiden inden for emballage – med fokus på bæredygtighed og digitalisering. Kommende fra [&hellip;]" />
<meta property="og:url" content="https://all4labels.com/da/varemaerker/" />
<meta property="og:site_name" content="All4Labels Global Packaging Group – Connecting brands and consumers" />
<meta property="article:modified_time" content="2026-04-10T08:13:37+00:00" />
<meta property="og:image" content="https://all4labels.com/wp-content/uploads/2021/05/iStock-1213710695.jpg" />
	<meta property="og:image:width" content="1920" />
	<meta property="og:image:height" content="1361" />
	<meta property="og:image:type" content="image/jpeg" />
<meta name="twitter:card" content="summary_large_image" />
<meta name="twitter:label1" content="Estimeret læsetid" />
	<meta name="twitter:data1" content="1 minut" />
<script type="application/ld+json" class="yoast-schema-graph">{"@context":"https://schema.org","@graph":[{"@type":"WebPage","@id":"https://all4labels.com/da/varemaerker/","url":"https://all4labels.com/da/varemaerker/","name":"Varemærker - All4Labels Global Packaging Group – Connecting brands and consumers","isPartOf":{"@id":"https://all4labels.com/#website"},"primaryImageOfPage":{"@id":"https://all4labels.com/da/varemaerker/#primaryimage"},"image":{"@id":"https://all4labels.com/da/varemaerker/#primaryimage"},"thumbnailUrl":"https://all4labels.com/wp-content/uploads/2021/05/iStock-1213710695.jpg","datePublished":"2021-04-29T13:16:28+00:00","dateModified":"2026-04-10T08:13:37+00:00","breadcrumb":{"@id":"https://all4labels.com/da/varemaerker/#breadcrumb"},"inLanguage":"da-DK","potentialAction":[{"@type":"ReadAction","target":["https://all4labels.com/da/varemaerker/"]}]},{"@type":"ImageObject","inLanguage":"da-DK","@id":"https://all4labels.com/da/varemaerker/#primaryimage","url":"https://all4labels.com/wp-content/uploads/2021/05/iStock-1213710695.jpg","contentUrl":"https://all4labels.com/wp-content/uploads/2021/05/iStock-1213710695.jpg","width":1920,"height":1361},{"@type":"BreadcrumbList","@id":"https://all4labels.com/da/varemaerker/#breadcrumb","itemListElement":[{"@type":"ListItem","position":1,"name":"Home","item":"https://all4labels.com/da/"},{"@type":"ListItem","position":2,"name":"Varemærker"}]},{"@type":"WebSite","@id":"https://all4labels.com/#website","url":"https://all4labels.com/","name":"All4Labels Global Packaging Group – Connecting brands and consumers","description":"","publisher":{"@id":"https://all4labels.com/#organization"},"potentialAction":[{"@type":"SearchAction","target":{"@type":"EntryPoint","urlTemplate":"https://all4labels.com/?s={search_term_string}"},"query-input":{"@type":"PropertyValueSpecification","valueRequired":true,"valueName":"search_term_string"}}],"inLanguage":"da-DK"},{"@type":"Organization","@id":"https://all4labels.com/#organization","name":"All4Labels Global Packaging Group – Connecting brands and consumers","url":"https://all4labels.com/","logo":{"@type":"ImageObject","inLanguage":"da-DK","@id":"https://all4labels.com/#/schema/logo/image/","url":"https://all4labels.com/wp-content/uploads/2020/02/all4labels-white.svg","contentUrl":"https://all4labels.com/wp-content/uploads/2020/02/all4labels-white.svg","caption":"All4Labels Global Packaging Group – Connecting brands and consumers"},"image":{"@id":"https://all4labels.com/#/schema/logo/image/"}}]}</script>
<!-- / Yoast SEO plugin. -->

Varemærker - All4Labels Global Packaging Group – Connecting brands and consumers

Varemærker Vores mærker udvider All4Labels’ tilbud af løsninger ved at gå nye veje for aktivt at forme fremtiden inden for emballage – med fokus på bæredygtighed og digitalisering. Kommende fra [&hellip;]
